{"id":163,"date":"2014-09-21T17:01:52","date_gmt":"2014-09-21T15:01:52","guid":{"rendered":"http:\/\/www.shoppingch.ch\/gabystuder\/?page_id=163"},"modified":"2017-05-23T23:17:39","modified_gmt":"2017-05-23T21:17:39","slug":"kinesiologie-fuer-mensch-und-tier","status":"publish","type":"page","link":"http:\/\/www.gabystuder.ch\/index.php\/meine-praxis\/kinesiologie-fuer-mensch-und-tier\/","title":{"rendered":"Kinesiologie f\u00fcr Mensch und Tier"},"content":{"rendered":"<p>&nbsp;<\/p>\n<p style=\"margin: 0cm 0cm 10pt;\"><a href=\"http:\/\/www.shoppingch.ch\/gabystuder\/wp-content\/uploads\/2014\/10\/DSC02333b.jpg\"><img loading=\"lazy\" decoding=\"async\" class=\"aligncenter wp-image-226 size-medium\" src=\"http:\/\/www.gabystuder.ch\/wp-content\/uploads\/2014\/10\/DSC02333b-300x214.jpg\" alt=\"DSC02333b\" width=\"300\" height=\"214\" srcset=\"http:\/\/www.gabystuder.ch\/wp-content\/uploads\/2014\/10\/DSC02333b-300x214.jpg 300w, http:\/\/www.gabystuder.ch\/wp-content\/uploads\/2014\/10\/DSC02333b.jpg 314w\" sizes=\"auto, (max-width: 300px) 100vw, 300px\" \/><\/a><\/p>\n<h2 style=\"margin: 0cm 0cm 10pt;\"><span style=\"color: #000000;\">Die Kinesiologie kann eingesetzt werden zur seelischen, k\u00f6rperlichen und geistigen Gesunderhaltung. Durch den Muskeltest wird &#8222;gemessen&#8220; ob die k\u00f6rpereigenen Energieen im Gleichgewicht sind und gleichm\u00e4ssig bzw. ungehindert fliessen k\u00f6nnen. St\u00f6rungen im Energiegleichgewicht bzw. im Energiefluss k\u00f6nnen das k\u00f6rperliche, seelische\u00a0oder geistige Wohlbefinden beeintr\u00e4chtigen. Solche Ungleichgewichte k\u00f6nnen mit Hilfe der Kinesiologie festgestellt und ausgeglichen werden. Das besondere an der Kinesiologie ist der Muskeltest, er dient als Biofeedback und zuverl\u00e4ssiges Messinstrument f\u00fcr den K\u00f6rper. Er zeigt auf wo Ursachen und Energieblockaden liegen und ist Hinweis f\u00fcr die L\u00f6sung.<\/span><\/h2>\n<h2 style=\"margin: 0cm 0cm 10pt;\"><strong><span style=\"line-height: 115%; font-family: 'Arial','sans-serif'; font-size: 12pt;\"><span style=\"color: #000000;\"><span style=\"color: #800000;\">F\u00fcr wen eignet sich Kinesiologie?<\/span> <\/span><\/span><\/strong><\/h2>\n<h2><span style=\"color: #000000;\">Kinesiologie eignet sich f\u00fcr Leute,\u00a0welche Ursachen angehen und nicht einfach Symtome bek\u00e4mpfen wollen. Als Kinesiologin biete ich Ihnen eine Hilfestellung, damit Sie lernen ihre eigenen Heilkr\u00e4fte zu mobilisieren.<\/span><\/h2>\n<h2><span style=\"color: #800000;\">Kann die Kinesiologie auch bei Tieren angewendet werden?<\/span><\/h2>\n<h2><span style=\"color: #000000;\">Ja, auf diese Weise lassen sich auch die Energieblockaden beim Tier messen.\u00a0 Sie k\u00f6nnen Ihr Haustier mitbringen und gemeinsam werden wir seine Blockaden ermitteln und l\u00f6sen. Die Tierkinesiologie kann bei jedem Tier angewendet werden.<a href=\"http:\/\/www.gabystuder.ch\/wp-content\/uploads\/2014\/10\/mistral.jpg\"><img loading=\"lazy\" decoding=\"async\" class=\"wp-image-238 size-thumbnail alignleft\" src=\"http:\/\/www.gabystuder.ch\/wp-content\/uploads\/2014\/10\/mistral-150x150.jpg\" alt=\"\" width=\"150\" height=\"150\" \/><\/a><\/span><\/h2>\n<p><a href=\"http:\/\/www.shoppingch.ch\/gabystuder\/wp-content\/uploads\/2014\/10\/Hund.jpg\">\u00a0<\/a><\/p>\n<h2 style=\"margin: 0cm 0cm 10pt;\"><span style=\"color: #000000;\">Ihr Pferd m\u00fcssen Sie nicht in die Praxis mitbringen. Gerne komme ich bei Ihnen im Stall vorbei und wir k\u00f6nnen es dort behandeln.<\/span><\/h2>\n<div id=\"attachment_103\" style=\"width: 234px\" class=\"wp-caption alignleft\"><a href=\"http:\/\/www.shoppingch.ch\/gabystuder\/wp-content\/uploads\/2014\/09\/IMG_80581.jpg\"><img loading=\"lazy\" decoding=\"async\" aria-describedby=\"caption-attachment-103\" class=\"wp-image-103 size-medium\" src=\"http:\/\/www.gabystuder.ch\/wp-content\/uploads\/2014\/09\/IMG_80581-224x300.jpg\" alt=\"Behandlung im Stall\" width=\"224\" height=\"300\" srcset=\"http:\/\/www.gabystuder.ch\/wp-content\/uploads\/2014\/09\/IMG_80581-224x300.jpg 224w, http:\/\/www.gabystuder.ch\/wp-content\/uploads\/2014\/09\/IMG_80581.jpg 239w\" sizes=\"auto, (max-width: 224px) 100vw, 224px\" \/><\/a><p id=\"caption-attachment-103\" class=\"wp-caption-text\">Behandlung im Stall<\/p><\/div>\n<p>&nbsp;<\/p>\n<p>&nbsp;<\/p>\n","protected":false},"excerpt":{"rendered":"<p>&nbsp; Die Kinesiologie kann eingesetzt werden zur seelischen, k\u00f6rperlichen und geistigen Gesunderhaltung. Durch den Muskeltest wird &#8222;gemessen&#8220; ob die k\u00f6rpereigenen Energieen im Gleichgewicht sind und gleichm\u00e4ssig bzw. ungehindert fliessen k\u00f6nnen. St\u00f6rungen im Energiegleichgewicht bzw. im Energiefluss k\u00f6nnen das k\u00f6rperliche, seelische\u00a0oder geistige Wohlbefinden beeintr\u00e4chtigen. Solche Ungleichgewichte k\u00f6nnen mit Hilfe der Kinesiologie festgestellt und ausgeglichen werden. Das [&hellip;]<\/p>\n","protected":false},"author":1,"featured_media":0,"parent":42,"menu_order":1,"comment_status":"closed","ping_status":"closed","template":"page-templates\/full-width.php","meta":{"footnotes":""},"class_list":["post-163","page","type-page","status-publish","hentry"],"_links":{"self":[{"href":"http:\/\/www.gabystuder.ch\/index.php\/wp-json\/wp\/v2\/pages\/163","targetHints":{"allow":["GET"]}}],"collection":[{"href":"http:\/\/www.gabystuder.ch\/index.php\/wp-json\/wp\/v2\/pages"}],"about":[{"href":"http:\/\/www.gabystuder.ch\/index.php\/wp-json\/wp\/v2\/types\/page"}],"author":[{"embeddable":true,"href":"http:\/\/www.gabystuder.ch\/index.php\/wp-json\/wp\/v2\/users\/1"}],"replies":[{"embeddable":true,"href":"http:\/\/www.gabystuder.ch\/index.php\/wp-json\/wp\/v2\/comments?post=163"}],"version-history":[{"count":26,"href":"http:\/\/www.gabystuder.ch\/index.php\/wp-json\/wp\/v2\/pages\/163\/revisions"}],"predecessor-version":[{"id":402,"href":"http:\/\/www.gabystuder.ch\/index.php\/wp-json\/wp\/v2\/pages\/163\/revisions\/402"}],"up":[{"embeddable":true,"href":"http:\/\/www.gabystuder.ch\/index.php\/wp-json\/wp\/v2\/pages\/42"}],"wp:attachment":[{"href":"http:\/\/www.gabystuder.ch\/index.php\/wp-json\/wp\/v2\/media?parent=163"}],"curies":[{"name":"wp","href":"https:\/\/api.w.org\/{rel}","templated":true}]}}