{"id":166,"date":"2014-09-21T17:27:52","date_gmt":"2014-09-21T15:27:52","guid":{"rendered":"http:\/\/www.shoppingch.ch\/gabystuder\/?page_id=166"},"modified":"2017-09-15T13:40:34","modified_gmt":"2017-09-15T11:40:34","slug":"hypnosecoaching","status":"publish","type":"page","link":"http:\/\/www.gabystuder.ch\/index.php\/meine-praxis\/hypnosecoaching\/","title":{"rendered":"Hypnosecoaching"},"content":{"rendered":"<p><a href=\"http:\/\/www.shoppingch.ch\/gabystuder\/wp-content\/uploads\/2014\/09\/Hypnosecoach-Schweiz.png\"><img loading=\"lazy\" decoding=\"async\" class=\"aligncenter wp-image-141 size-medium\" src=\"http:\/\/www.gabystuder.ch\/wp-content\/uploads\/2014\/09\/Hypnosecoach-Schweiz-300x137.png\" alt=\"Hypnosecoach Schweiz\" width=\"300\" height=\"137\" srcset=\"http:\/\/www.gabystuder.ch\/wp-content\/uploads\/2014\/09\/Hypnosecoach-Schweiz-300x137.png 300w, http:\/\/www.gabystuder.ch\/wp-content\/uploads\/2014\/09\/Hypnosecoach-Schweiz.png 335w\" sizes=\"auto, (max-width: 300px) 100vw, 300px\" \/><\/a><\/p>\n<h2><span style=\"color: #000000;\">Hypnose kann der\u00a0Weg zu Ihrem Erfolg sein; Stressmanagment, Motivationstraining, Leistungssteigerung.<\/span><\/h2>\n<h2><span style=\"color: #000000;\">Mit der Hypnose k\u00f6nnen durch das Unbewusstsein s\u00e4mtliche organischen Vorg\u00e4nge beim Menschen beeinflusst werden.<a href=\"http:\/\/www.shoppingch.ch\/gabystuder\/wp-content\/uploads\/2014\/09\/DSC02342.jpg\"><span style=\"color: #000000;\"><img loading=\"lazy\" decoding=\"async\" class=\"alignright wp-image-139 size-thumbnail\" src=\"http:\/\/www.gabystuder.ch\/wp-content\/uploads\/2014\/09\/DSC02342-150x150.jpg\" alt=\"DSC02342\" width=\"150\" height=\"150\" \/><\/span><\/a><\/span><\/h2>\n<h2><span style=\"color: #000000;\"><em>Wie ist der Hypnosezustand:<\/em> \u00a0Die Fachleute verstehen unter Hypnose einen verminderten Bewusstseinszustand, in dem der Hypnotisierte weder schl\u00e4ft noch bewusstlos und somit auch keineswegs willenlos ist. Die Hypnose ist ein vertiefter Ruhezustand.<\/span><\/h2>\n<h2><span style=\"color: #000000;\">\u00a0<\/span><\/h2>\n<h2><span style=\"color: #000000;\"><em>Meine Ausbildung bedeutet f\u00fcr Sie: <\/em>\u00a0Ich begleite Sie sicher und verantwortungsbewusst durch Ihre Hypnosesitzungen.<\/span><\/h2>\n<p><a href=\"http:\/\/www.shoppingch.ch\/gabystuder\/wp-content\/uploads\/2014\/09\/DSC02345.jpg\"><img loading=\"lazy\" decoding=\"async\" class=\"alignright wp-image-140 size-thumbnail\" src=\"http:\/\/www.gabystuder.ch\/wp-content\/uploads\/2014\/09\/DSC02345-150x150.jpg\" alt=\"bei der Hypnose\" width=\"150\" height=\"150\" \/><\/a><\/p>\n<p>&nbsp;<\/p>\n<p>&nbsp;<\/p>\n<p><a href=\"http:\/\/www.shoppingch.ch\/gabystuder\/wp-content\/uploads\/2014\/09\/DSC02345.jpg\">\u00a0<\/a><\/p>\n<h2><span style=\"color: #000000;\">Wann kann mir die Hypnose helfen:<\/span><\/h2>\n<ul>\n<li>\n<h2><span style=\"color: #000000;\">Bei Stressreaktionen, Innere Unruhe,<\/span><\/h2>\n<\/li>\n<li>\n<h2><span style=\"color: #000000;\">Ueberbelastung der Nerven, Spannungszust\u00e4nden<\/span><\/h2>\n<\/li>\n<li>\n<h2><span style=\"color: #000000;\">Bei Energie- und Lustlosigkeit<\/span><\/h2>\n<\/li>\n<li>\n<h2><span style=\"color: #000000;\">Konzentrationsschw\u00e4chen<\/span><\/h2>\n<\/li>\n<li>\n<h2><span style=\"color: #000000;\">Bei Angstzust\u00e4nden wie Platzangst, Flugangst, Pr\u00fcfungsangst<\/span><\/h2>\n<\/li>\n<li>\n<h2><span style=\"color: #000000;\">Lebens- und Existenzangst<\/span><\/h2>\n<\/li>\n<li>\n<h2><span style=\"color: #000000;\">Zur k\u00f6rperlichen und geistigen Leistungssteigerung<\/span><\/h2>\n<\/li>\n<li>\n<h2><span style=\"color: #000000;\">Bei Zwangshandlungen, Ess- Kontroll-, Wasch- und Putzzwang<\/span><\/h2>\n<\/li>\n<li>\n<h2><span style=\"color: #000000;\">Bei St\u00f6rungen des Selbstbewusstseins und Minderwertigkeitsgef\u00fchlen<\/span><\/h2>\n<\/li>\n<li>\n<h2><span style=\"color: #000000;\">Zur Suchtbehebung wie: Raucherentw\u00f6hnung, Gewichtsreduktion oder Alkoholabh\u00e4ngigkeit<\/span><\/h2>\n<\/li>\n<\/ul>\n<p>&nbsp;<\/p>\n","protected":false},"excerpt":{"rendered":"<p>Hypnose kann der\u00a0Weg zu Ihrem Erfolg sein; Stressmanagment, Motivationstraining, Leistungssteigerung. Mit der Hypnose k\u00f6nnen durch das Unbewusstsein s\u00e4mtliche organischen Vorg\u00e4nge beim Menschen beeinflusst werden. Wie ist der Hypnosezustand: \u00a0Die Fachleute verstehen unter Hypnose einen verminderten Bewusstseinszustand, in dem der Hypnotisierte weder schl\u00e4ft noch bewusstlos und somit auch keineswegs willenlos ist. Die Hypnose ist ein vertiefter [&hellip;]<\/p>\n","protected":false},"author":1,"featured_media":0,"parent":42,"menu_order":2,"comment_status":"closed","ping_status":"closed","template":"page-templates\/full-width.php","meta":{"footnotes":""},"class_list":["post-166","page","type-page","status-publish","hentry"],"_links":{"self":[{"href":"http:\/\/www.gabystuder.ch\/index.php\/wp-json\/wp\/v2\/pages\/166","targetHints":{"allow":["GET"]}}],"collection":[{"href":"http:\/\/www.gabystuder.ch\/index.php\/wp-json\/wp\/v2\/pages"}],"about":[{"href":"http:\/\/www.gabystuder.ch\/index.php\/wp-json\/wp\/v2\/types\/page"}],"author":[{"embeddable":true,"href":"http:\/\/www.gabystuder.ch\/index.php\/wp-json\/wp\/v2\/users\/1"}],"replies":[{"embeddable":true,"href":"http:\/\/www.gabystuder.ch\/index.php\/wp-json\/wp\/v2\/comments?post=166"}],"version-history":[{"count":13,"href":"http:\/\/www.gabystuder.ch\/index.php\/wp-json\/wp\/v2\/pages\/166\/revisions"}],"predecessor-version":[{"id":300,"href":"http:\/\/www.gabystuder.ch\/index.php\/wp-json\/wp\/v2\/pages\/166\/revisions\/300"}],"up":[{"embeddable":true,"href":"http:\/\/www.gabystuder.ch\/index.php\/wp-json\/wp\/v2\/pages\/42"}],"wp:attachment":[{"href":"http:\/\/www.gabystuder.ch\/index.php\/wp-json\/wp\/v2\/media?parent=166"}],"curies":[{"name":"wp","href":"https:\/\/api.w.org\/{rel}","templated":true}]}}