{"id":42,"date":"2015-10-23T17:28:58","date_gmt":"2015-10-23T15:28:58","guid":{"rendered":"http:\/\/www.shoppingch.ch\/gabystuder\/?page_id=42"},"modified":"2020-05-02T12:29:50","modified_gmt":"2020-05-02T10:29:50","slug":"meine-praxis","status":"publish","type":"page","link":"http:\/\/www.gabystuder.ch\/index.php\/meine-praxis\/","title":{"rendered":"meine Praxis"},"content":{"rendered":"<h1><span style=\"color: #800080;\">Mein Angebot umfasst:<\/span><\/h1>\n<ul>\n<li><span style=\"color: #800080;\">Kinesiologische Einzelsitzungen f\u00fcr Erwachsene, Kinder und Tiere<\/span><\/li>\n<li><span style=\"color: #800080;\"><a href=\"http:\/\/gabystuder.ch\/index.php\/meine-praxis\/allergien-intoleranz-und-unvertraeglichkeiten\/\">Allergie- Unvertr\u00e4glichkeiten- Intoleranzbalancen<\/a><\/span><\/li>\n<li><a href=\"http:\/\/gabystuder.ch\/index.php\/meine-praxis\/entgiftung\/\"><span style=\"color: #800080;\">Entgiftung, Impf- und Schadstoffausleitung<\/span><\/a><\/li>\n<li><span style=\"color: #800080;\">Migr\u00e4ne-Therapie nach Kern (Master-Level)<\/span><\/li>\n<li><span style=\"color: #800080;\"><a href=\"http:\/\/gabystuder.ch\/index.php\/meine-praxis\/bachbluetentherapie\/\">Bachbl\u00fctentherapie<\/a><\/span><\/li>\n<li><a href=\"http:\/\/gabystuder.ch\/index.php\/meine-praxis\/r-e-s-e-t\/\"><span style=\"color: #800080;\">RESET Kiefergelenkbalance<\/span><\/a><\/li>\n<li><span style=\"color: #800080;\"><a style=\"color: #0f3647;\" href=\"http:\/\/gabystuder.ch\/index.php\/meine-praxis\/hypnosecoaching\">Hypnosecaoching<\/a><\/span><\/li>\n<li><span style=\"color: #800080;\">Klangschalenbehandlung<\/span><\/li>\n<li><span style=\"color: #800080;\">Massage nach Dorn Breuss<\/span><\/li>\n<li><span style=\"color: #800080;\"><span style=\"color: #800080;\"><span style=\"color: #800080;\">Fussreflexzonenmassage\u00a0\u00a0\u00a0\u00a0\u00a0\u00a0\u00a0\u00a0\u00a0\u00a0\u00a0\u00a0\u00a0\u00a0\u00a0\u00a0\u00a0\u00a0\u00a0\u00a0\u00a0\u00a0\u00a0\u00a0\u00a0\u00a0\u00a0\u00a0\u00a0\u00a0<\/span><\/span><\/span><\/li>\n<li><span style=\"color: #800080;\"><span style=\"color: #800080;\"><a href=\"http:\/\/gabystuder.ch\/index.php\/meine-praxis\/kinesiologie-fuer-mensch-und-tier\/\">Kinesiologie f\u00fcr Tiere (F\u00fcr die Behandlung Ihres Pferdes komme ich gerne zu Ihnen in den Stall.) <\/a><\/span><\/span><\/li>\n<li><span style=\"color: #800080;\">Seit dem Jahr 2000 Krankenkassen anerkannt (Kinesiologie und Fussreflexzonenmassage). <\/span><\/li>\n<li><span style=\"color: #800080;\">TFH Regionalleiterin Basel-Stadt.\u00a0\u00a0 <\/span><\/li>\n<li><span style=\"color: #800080;\">Mein Hauptgebiet ist die Kinesiologie am Menschen, mein Spezialgebiet Unvertr\u00e4glichkeitenbalancen (Allergien) und Entgiftungen. <\/span><\/li>\n<li><span style=\"color: #800080;\">Ich verf\u00fcge \u00fcber fundierte Kenntnisse (Instruktoren-Level) in folgenden Bereichen und leite regelm\u00e4ssige \u00dcbungsabende f\u00fcr die Absolventen der Kurse TFH und HK in Basel:<\/span><\/li>\n<li><span style=\"color: #800080;\">Touch for Health (TFH)<\/span><\/li>\n<li><span style=\"color: #800080;\">Health Kinesiologie (HK)<\/span><\/li>\n<li><span style=\"color: #800080;\">Kursleiterin beim SVNH\u00a0<\/span><\/li>\n<\/ul>\n","protected":false},"excerpt":{"rendered":"<p>Mein Angebot umfasst: Kinesiologische Einzelsitzungen f\u00fcr Erwachsene, Kinder und Tiere Allergie- Unvertr\u00e4glichkeiten- Intoleranzbalancen Entgiftung, Impf- und Schadstoffausleitung Migr\u00e4ne-Therapie nach Kern (Master-Level) Bachbl\u00fctentherapie RESET Kiefergelenkbalance Hypnosecaoching Klangschalenbehandlung Massage nach Dorn Breuss Fussreflexzonenmassage\u00a0\u00a0\u00a0\u00a0\u00a0\u00a0\u00a0\u00a0\u00a0\u00a0\u00a0\u00a0\u00a0\u00a0\u00a0\u00a0\u00a0\u00a0\u00a0\u00a0\u00a0\u00a0\u00a0\u00a0\u00a0\u00a0\u00a0\u00a0\u00a0\u00a0 Kinesiologie f\u00fcr Tiere (F\u00fcr die Behandlung Ihres Pferdes komme ich gerne zu Ihnen in den Stall.) Seit dem Jahr 2000 Krankenkassen anerkannt (Kinesiologie und [&hellip;]<\/p>\n","protected":false},"author":1,"featured_media":0,"parent":0,"menu_order":0,"comment_status":"closed","ping_status":"closed","template":"","meta":{"footnotes":""},"class_list":["post-42","page","type-page","status-publish","hentry"],"_links":{"self":[{"href":"http:\/\/www.gabystuder.ch\/index.php\/wp-json\/wp\/v2\/pages\/42","targetHints":{"allow":["GET"]}}],"collection":[{"href":"http:\/\/www.gabystuder.ch\/index.php\/wp-json\/wp\/v2\/pages"}],"about":[{"href":"http:\/\/www.gabystuder.ch\/index.php\/wp-json\/wp\/v2\/types\/page"}],"author":[{"embeddable":true,"href":"http:\/\/www.gabystuder.ch\/index.php\/wp-json\/wp\/v2\/users\/1"}],"replies":[{"embeddable":true,"href":"http:\/\/www.gabystuder.ch\/index.php\/wp-json\/wp\/v2\/comments?post=42"}],"version-history":[{"count":18,"href":"http:\/\/www.gabystuder.ch\/index.php\/wp-json\/wp\/v2\/pages\/42\/revisions"}],"predecessor-version":[{"id":686,"href":"http:\/\/www.gabystuder.ch\/index.php\/wp-json\/wp\/v2\/pages\/42\/revisions\/686"}],"wp:attachment":[{"href":"http:\/\/www.gabystuder.ch\/index.php\/wp-json\/wp\/v2\/media?parent=42"}],"curies":[{"name":"wp","href":"https:\/\/api.w.org\/{rel}","templated":true}]}}